 = 184. Let j = w - 83. Let a = j + 13. What are the prime factors of a?
2, 11
Suppose 0 = -14*m + 5*x + 332176, 15*m - 12*m + x - 71193 = 0. List the prime factors of m.
61, 389
Let m(d) = -d**3 - 36*d**2 + 190*d - 52. What are the prime factors of m(-45)?
9623
Let i = -62 - -127. Let w = i + -55. Suppose -w*y + 15*y = 1080. List the prime factors of y.
2, 3
Suppose -406 = -5*n - 26. Let a = n + -72. Suppose 0 = -a*y - 0*y + 424. What are the prime factors of y?
2, 53
Suppose 161796 = 4*d - 2*g, 2*g - 67456 = 3*d - 188799. List the prime factors of d.
7, 5779
Let r be 108/(-24) - ((-15)/(-6) + -1). List the prime factors of (-639)/r + (-6)/4.
3, 5, 7
Let q be (11/1*2)/(123/246). Let y be (-7)/(-28) - 1030/(-8). Let i = y - q. What are the prime factors of i?
5, 17
Let m = -69672 + 123838. What are the prime factors of m?
2, 7, 53, 73
Let m(b) = b**3 - 9*b**2 + 8*b + 8. Let p = 76 + -72. Let q be 30/p*1/(15/18). What are the prime factors of m(q)?
2, 5
Let u = -8651 - -11334. What are the prime factors of u?
2683
Let r(t) = -90*t - 30. Suppose 2 = p + 5*y, -y = 5*p - 8 + 22. What are the prime factors of r(p)?
2, 3, 5
Suppose 0 = -3*c + 3 + 36. Let j(k) be the first derivative of k**4/4 - 14*k**3/3 + 8*k**2 + 17*k - 4. List the prime factors of j(c).
2, 7
Suppose 520*m + 5746 = 507*m. List the prime factors of (-102 + 110)*m/(-8).
2, 13, 17
Let p = -18 - -18. Suppose p = 8*b - 27 - 213. Suppose -b = -8*o + 322. What are the prime factors of o?
2, 11
Let x(s) = -206*s + 70. Let a be x(7). Let f = 2303 + a. List the prime factors of f.
7, 19
Let p(r) = -1050*r - 559. What are the prime factors of p(-4)?
11, 331
Let n = -192 + 169. Let r(y) = -6*y - 71. What are the prime factors of r(n)?
67
Let t(c) be the second derivative of -3*c**5 + 1/2*c**3 + 0*c**4 + 3/2*c**2 + 22*c + 0. What are the prime factors of t(-1)?
2, 3, 5
Suppose -5*x = -y + 27 + 1203, 3*x + 4886 = 4*y. List the prime factors of y.
2, 5, 61
Let n = 158 - 158. What are the prime factors of 7/(-2)*26052/(-91) - n?
2, 3, 167
Let v = 290 + -290. What are the prime factors of v + 2 - (-26166)/49?
2, 67
What are the prime factors of (-1)/4 - (10 - 5 - 39588/16)?
3, 823
Let d be (-4)/8*-2*(0 + 6179). Let v = -4082 + d. What are the prime factors of v?
3, 233
Suppose -24625 = -40*f - 85*f. What are the prime factors of f?
197
Suppose -12 = -4*n - 2*f, -6*n + 14 = -3*n - f. Suppose 985 = n*c - 5*a, 3*c - 710 = -0*a - 2*a. Suppose 4*i + 0*i = c. List the prime factors of i.
2, 3, 5
Let c(y) = -3*y + 2. Suppose -2*a - 15 = -13. Let g be c(a). List the prime factors of g + 2*(-6)/4*-1.
2
Suppose -25*h = -23*h + 144. Let n be (-160)/h - (-4)/(-18). Suppose -n*w + 121 = -21. What are the prime factors of w?
71
Let t be -2*4 + (-7)/(-7). Let s(x) = -47*x - 59. List the prime factors of s(t).
2, 3, 5
Suppose 4*s + 7*s = -253. Let n = s + -17. List the prime factors of (86 + -1)*(-16)/n.
2, 17
Let p = 8488 - 1192. List the prime factors of p.
2, 3, 19
Let k = -6426 + 24308. What are the prime factors of k?
2, 8941
What are the prime factors of ((-6155)/4)/(-1 - (0 - 15/40))?
2, 1231
Let z be 2 + (-44)/10 + (-178)/(-445). List the prime factors of 0 + z - (-334 - 32).
2, 7, 13
Let r(k) = 745*k**3 - 3*k**2 + 13*k - 6. List the prime factors of r(2).
2, 373
Let h(n) = -n**3 + n**2 + 4*n - 1. Let z be h(2). Suppose 108 = -2*r - 3*j - j, 205 = -5*r + z*j. Let d = 177 - r. What are the prime factors of d?
13, 17
Let t(l) = 29*l**3 + 3*l**2 - 3*l + 1. Let u(m) = -21*m + 127. Let r be u(6). List the prime factors of t(r).
2, 3, 5
Suppose -4*g = -3*u - 75, -4*g - 4*u + 50 = -2*u. Suppose 19*z = g*z + 80. What are the prime factors of 260/z + -1*3?
2, 5
Suppose 8*y = 4*y. Suppose -3*b + 0*b + 2*k - 6 = y, -2*b - 2*k = 4. List the prime factors of (-2 + -41)*(0 + b - 0).
2, 43
Let o(g) = 2*g**2 - 22*g + 17. Let d be o(9). What are the prime factors of 7 + d/(114/(-6516))?
1093
Let d = -9 - -17. Let s(r) be the second derivative of r**4/12 - r**3 - 4*r**2 - 32*r. List the prime factors of s(d).
2
Let g(v) = -v**3 - 12*v**2 + 2*v - 34. Let h(r) = 2*r**3 + 7*r**2 + 8*r. Let u be h(-3). List the prime factors of g(u).
13, 47
Suppose 3*r - r + 4*g = 22, -3*g = -4*r + 11. Suppose -4*k - 5*w + 752 = 0, 4*w = r*k + 3*w - 969. List the prime factors of k.
193
List the prime factors of ((-56)/112)/((-2)/37188).
3, 1033
Let r(g) = g**2 + 8*g + 270. Let y(l) = -2*l. Let i(f) = r(f) + 3*y(f). List the prime factors of i(0).
2, 3, 5
List the prime factors of (636/(-15))/((-69)/9660).
2, 7, 53
Let s = -1785 - -1206. Let p = s + 689. What are the prime factors of p?
2, 5, 11
Suppose -13*c + 42132 = -21035. List the prime factors of c.
43, 113
Let x(i) be the second derivative of -47*i**4/12 - 3*i**2/2 + 5*i. Let q(f) = -23*f**2 - 2. Let p(h) = 5*q(h) - 3*x(h). What are the prime factors of p(-2)?
103
Suppose 18*s + 331 - 7 = 0. List the prime factors of (-12)/108 + (-3278)/s.
2, 7, 13
Suppose -3*b = -1306*k + 1303*k + 175791, 0 = 4*k + 3*b - 234346. List the prime factors of k.
13, 4507
Let o = -294 + 327. Suppose o*c = 9*c + 10560. List the prime factors of c.
2, 5, 11
Suppose -589540 = -478*c + 408*c. List the prime factors of c.
2, 4211
Suppose 27*v = 150003 - 17190. List the prime factors of v.
4919
Suppose 0 = -131*q + 120*q - 24750. Let l = -1150 - q. What are the prime factors of l?
2, 5, 11
Suppose 172*w = 142*w - 37620. Let z = 3068 + w. List the prime factors of z.
2, 907
Let g = -41862 + 59651. What are the prime factors of g?
17789
Let x be 2234*-3*(-7)/(-42). Let v = 1583 + x. List the prime factors of v.
2, 233
Let k = 19757 + -8612. What are the prime factors of k?
3, 5, 743
Let l(t) = -2*t**3 + 51*t**2 - 48*t - 18. Let u(x) = 2*x**3 - 51*x**2 + 50*x + 17. Let y(f) = -4*l(f) - 5*u(f). What are the prime factors of y(24)?
17, 19
Let x be (5*1/(-3))/(1/18). Let y be 6/x + 6*33/15. Suppose 1093 = y*f - 1078. List the prime factors of f.
167
Let y(v) = -4*v**3 - 3*v**2 + 4*v - 3. Let p be y(2). Let r = p + 44. Suppose 2*k - 4*k - r*g + 162 = 0, 2*k - 190 = 2*g. List the prime factors of k.
7, 13
Let w(h) = h + 13. Let t be w(-11). Suppose -t*k + 2*m = -96, -4*k + 20 = 3*m - 144. Suppose -g = -k - 28. What are the prime factors of g?
2, 3
Suppose 2*u - 2*i - 18 = 0, -i = 2*u - 1 - 2. Suppose -2*g = -8, 3*h - u*g + 1 = -12. List the prime factors of 3/h - (0 - (-124)/(-1)).
127
Suppose -77249 = -4*y - 8593. Suppose -20*h + 48*h - y = 0. List the prime factors of h.
613
Let b(y) = -5 - 2*y**2 - 10*y + 19*y**2 + 7*y**3 - 8*y**3. List the prime factors of b(16).
7, 13
Suppose 51 = 3*m - 0*m. Suppose 16 = -13*n + m*n. Let v(l) = 14*l - 9. List the prime factors of v(n).
47
Let c = -5843 + 11937. List the prime factors of c.
2, 11, 277
Let o = -29100 + 42236. List the prime factors of o.
2, 821
Let s(l) = -2*l**3 - 171*l**2 - 749*l - 290. What are the prime factors of s(-84)?
2, 19, 1091
Let p be (-1)/3 + (-12)/18*-6515. Suppose -18503 + p = -24*f. What are the prime factors of f?
2, 5, 59
Let d(u) = -62*u**2 - 15*u + 100. Let o be d(-14). List the prime factors of o/(-16) - ((-1133)/88 + 13).
2, 5, 37
What are the prime factors of 3194/(-5)*((-1794)/52 - 13)?
19, 1597
Let f(k) = 2*k**3 + k**2 - k + 1166. Let p be f(0). Suppose -9*o + 12182 = p. Suppose 0 = 9*b - b - o. What are the prime factors of b?
3, 17
Let s(l) = -6*l**3 - 2*l**2 - 2*l - 1. Suppose -5*v = -15, -3*v + 3 + 2 = 4*m. Let x be s(m). Suppose x*f - 83 = 12. What are the prime factors of f?
19
Let y(r) = -r**3 - 10*r**2 + 66*r - 9. Let p be y(-15). Suppose 0 = -5*u - p + 1021. List the prime factors of u.
179
Suppose 1184*f = 1199*f + 15. Let o(y) be the second derivative of 53*y**4/12 + 2*y**3/3 + 2*y**2 - y. What are the prime factors of o(f)?
53
Suppose 4 = f, -a - 4*f = a - 68. Let s be 8/40 + 218/10. Let w = a - s. List the prime factors of w.
2
Suppose 3*b - 2 = -5*w, -6 = 2*w + 5*b - 3. Let k be 6 - -49 - 7 - -4. Suppose -k = -h - w. List the prime factors of h.
3, 17
Suppose -3*s = -z - 277, -z + 360 = 6*s - 2*s. Let r = -215 + s. What are the prime factors of (2 - r) + (-8)/(32/(-12))?
3, 43
Suppose 5*j + 12*l - 525 = 10*l, -3*l - 525 = -5*j. Suppose 3*z - 495 + j = 0. List the prime factors of z.
2, 5, 13
Let r = -171 - -175. Suppose 4*y =